{"id":746,"date":"2026-04-14T21:30:10","date_gmt":"2026-04-14T19:30:10","guid":{"rendered":"https:\/\/tksg.pl\/?post_type=product&#038;p=746"},"modified":"2026-04-14T21:30:50","modified_gmt":"2026-04-14T19:30:50","slug":"bella-piekna-i-bestia","status":"publish","type":"product","link":"https:\/\/tksg.pl\/?product=bella-piekna-i-bestia","title":{"rendered":"Bella Pi\u0119kna i Bestia"},"content":{"rendered":"<section class=\"text-token-text-primary w-full focus:outline-none [--shadow-height:45px] has-data-writing-block:pointer-events-none has-data-writing-block:-mt-(--shadow-height) has-data-writing-block:pt-(--shadow-height) [&amp;:has([data-writing-block])&gt;*]:pointer-events-auto R6Vx5W_threadScrollVars scroll-mb-[calc(var(--scroll-root-safe-area-inset-bottom,0px)+var(--thread-response-height))] scroll-mt-(--header-height)\" dir=\"auto\" data-turn-id=\"cb2ca5f3-2078-42c0-9a56-bbc537bc0e7e\" data-testid=\"conversation-turn-1\" data-scroll-anchor=\"false\" data-turn=\"user\">\n<div class=\"text-base my-auto mx-auto pt-3 [--thread-content-margin:var(--thread-content-margin-xs,calc(var(--spacing)*4))] @w-sm\/main:[--thread-content-margin:var(--thread-content-margin-sm,calc(var(--spacing)*6))] @w-lg\/main:[--thread-content-margin:var(--thread-content-margin-lg,calc(var(--spacing)*16))] px-(--thread-content-margin)\">\n<div class=\"[--thread-content-max-width:40rem] @w-lg\/main:[--thread-content-max-width:48rem] mx-auto max-w-(--thread-content-max-width) flex-1 group\/turn-messages focus-visible:outline-hidden relative flex w-full min-w-0 flex-col\">\n<div class=\"z-0 flex justify-end\"><\/div>\n<\/div>\n<\/div>\n<\/section>\n<section class=\"text-token-text-primary w-full focus:outline-none [--shadow-height:45px] has-data-writing-block:pointer-events-none has-data-writing-block:-mt-(--shadow-height) has-data-writing-block:pt-(--shadow-height) [&amp;:has([data-writing-block])&gt;*]:pointer-events-auto [content-visibility:auto] supports-[content-visibility:auto]:[contain-intrinsic-size:auto_100lvh] R6Vx5W_threadScrollVars scroll-mb-[calc(var(--scroll-root-safe-area-inset-bottom,0px)+var(--thread-response-height))] scroll-mt-[calc(var(--header-height)+min(200px,max(70px,20svh)))]\" dir=\"auto\" data-turn-id=\"request-WEB:eecb38e3-0bdf-49ed-8447-3a7300c026aa-0\" data-testid=\"conversation-turn-2\" data-scroll-anchor=\"false\" data-turn=\"assistant\">\n<div class=\"text-base my-auto mx-auto pb-10 [--thread-content-margin:var(--thread-content-margin-xs,calc(var(--spacing)*4))] @w-sm\/main:[--thread-content-margin:var(--thread-content-margin-sm,calc(var(--spacing)*6))] @w-lg\/main:[--thread-content-margin:var(--thread-content-margin-lg,calc(var(--spacing)*16))] px-(--thread-content-margin)\">\n<div class=\"[--thread-content-max-width:40rem] @w-lg\/main:[--thread-content-max-width:48rem] mx-auto max-w-(--thread-content-max-width) flex-1 group\/turn-messages focus-visible:outline-hidden relative flex w-full min-w-0 flex-col agent-turn\">\n<div class=\"flex max-w-full flex-col gap-4 grow\">\n<div class=\"min-h-8 text-message relative flex w-full flex-col items-end gap-2 text-start break-words whitespace-normal outline-none keyboard-focused:focus-ring [.text-message+&amp;]:mt-1\" dir=\"auto\" tabindex=\"0\" data-message-author-role=\"assistant\" data-message-id=\"568b357f-1b7c-46c4-b119-1219afa9569c\" data-message-model-slug=\"gpt-5-3\" data-turn-start-message=\"true\">\n<div class=\"flex w-full flex-col gap-1 empty:hidden\">\n<div class=\"markdown prose dark:prose-invert w-full wrap-break-word dark markdown-new-styling\">\n<p data-start=\"0\" data-end=\"272\">Balon foliowy z wizerunkiem Belli z bajki <em data-start=\"42\" data-end=\"59\">Pi\u0119kna i Bestia<\/em> to idealna dekoracja na urodziny ka\u017cdego ma\u0142ego mi\u0142o\u015bnika magicznych historii. Wyraziste kolory oraz staranne wykonanie sprawiaj\u0105, \u017ce balon przyci\u0105ga wzrok i tworzy wyj\u0105tkow\u0105, bajkow\u0105 atmosfer\u0119 podczas przyj\u0119cia.<\/p>\n<p data-start=\"274\" data-end=\"552\">Dzi\u0119ki du\u017cemu rozmiarowi (95 cm x 52 cm) balon doskonale sprawdzi si\u0119 jako g\u0142\u00f3wny element dekoracyjny \u2013 mo\u017ce by\u0107 wykorzystany samodzielnie lub jako cz\u0119\u015b\u0107 wi\u0119kszej aran\u017cacji balonowej. \u015awietnie nadaje si\u0119 do ozdobienia sali, pokoju dziecka lub jako efektowny dodatek do prezentu.<\/p>\n<p data-start=\"554\" data-end=\"706\">Wykonany z trwa\u0142ej folii, balon jest przystosowany do nape\u0142nienia powietrzem lub helem, co pozwala dopasowa\u0107 go do indywidualnych potrzeb dekoracyjnych.<\/p>\n<p data-start=\"708\" data-end=\"727\"><strong data-start=\"708\" data-end=\"727\">Cechy produktu:<\/strong><\/p>\n<ul data-start=\"728\" data-end=\"928\">\n<li data-section-id=\"dszh4o\" data-start=\"728\" data-end=\"770\">motyw: Bella z bajki <em data-start=\"751\" data-end=\"768\">Pi\u0119kna i Bestia<\/em><\/li>\n<li data-section-id=\"tgrsld\" data-start=\"771\" data-end=\"797\">wymiary: 95 cm x 52 cm<\/li>\n<li data-section-id=\"ce0xn\" data-start=\"798\" data-end=\"834\">materia\u0142: folia wysokiej jako\u015bci<\/li>\n<li data-section-id=\"fn7ert\" data-start=\"835\" data-end=\"881\">mo\u017cliwo\u015b\u0107 nape\u0142nienia helem lub powietrzem<\/li>\n<li data-section-id=\"1pnnqz3\" data-start=\"882\" data-end=\"928\">idealny na urodziny i przyj\u0119cia tematyczne<\/li>\n<\/ul>\n<p data-start=\"930\" data-end=\"1045\" data-is-last-node=\"\" data-is-only-node=\"\">Stw\u00f3rz niezapomnian\u0105 atmosfer\u0119 i przenie\u015b dziecko do \u015bwiata bajek dzi\u0119ki wyj\u0105tkowej dekoracji z ulubion\u0105 bohaterk\u0105.<\/p>\n<\/div>\n<\/div>\n<\/div>\n<\/div>\n<\/div>\n<\/div>\n<\/section>\n","protected":false},"excerpt":{"rendered":"<p>Balon foliowy z wizerunkiem Belli z bajki Pi\u0119kna i Bestia to idealna dekoracja na urodziny ka\u017cdego ma\u0142ego mi\u0142o\u015bnika magicznych historii. [&hellip;]<\/p>\n","protected":false},"featured_media":747,"comment_status":"open","ping_status":"closed","template":"","meta":{"site-sidebar-layout":"default","site-content-layout":"","ast-site-content-layout":"default","site-content-style":"default","site-sidebar-style":"default","ast-global-header-display":"","ast-banner-title-visibility":"","ast-main-header-display":"","ast-hfb-above-header-display":"","ast-hfb-below-header-display":"","ast-hfb-mobile-header-display":"","site-post-title":"","ast-breadcrumbs-content":"","ast-featured-img":"","footer-sml-layout":"","ast-disable-related-posts":"","theme-transparent-header-meta":"default","adv-header-id-meta":"","stick-header-meta":"default","header-above-stick-meta":"","header-main-stick-meta":"","header-below-stick-meta":"","astra-migrate-meta-layouts":"set","ast-page-background-enabled":"default","ast-page-background-meta":{"desktop":{"background-color":"var(--ast-global-color-5)","background-image":"","background-repeat":"repeat","background-position":"center center","background-size":"auto","background-attachment":"scroll","background-type":"","background-media":"","overlay-type":"","overlay-color":"","overlay-opacity":"","overlay-gradient":""},"tablet":{"background-color":"","background-image":"","background-repeat":"repeat","background-position":"center center","background-size":"auto","background-attachment":"scroll","background-type":"","background-media":"","overlay-type":"","overlay-color":"","overlay-opacity":"","overlay-gradient":""},"mobile":{"background-color":"","background-image":"","background-repeat":"repeat","background-position":"center center","background-size":"auto","background-attachment":"scroll","background-type":"","background-media":"","overlay-type":"","overlay-color":"","overlay-opacity":"","overlay-gradient":""}},"ast-content-background-meta":{"desktop":{"background-color":"var(--ast-global-color-4)","background-image":"","background-repeat":"repeat","background-position":"center center","background-size":"auto","background-attachment":"scroll","background-type":"","background-media":"","overlay-type":"","overlay-color":"","overlay-opacity":"","overlay-gradient":""},"tablet":{"background-color":"var(--ast-global-color-4)","background-image":"","background-repeat":"repeat","background-position":"center center","background-size":"auto","background-attachment":"scroll","background-type":"","background-media":"","overlay-type":"","overlay-color":"","overlay-opacity":"","overlay-gradient":""},"mobile":{"background-color":"var(--ast-global-color-4)","background-image":"","background-repeat":"repeat","background-position":"center center","background-size":"auto","background-attachment":"scroll","background-type":"","background-media":"","overlay-type":"","overlay-color":"","overlay-opacity":"","overlay-gradient":""}}},"product_brand":[],"product_cat":[34],"product_tag":[],"class_list":{"0":"post-746","1":"product","2":"type-product","3":"status-publish","4":"has-post-thumbnail","6":"product_cat-balony-foliowe","7":"desktop-align-left","8":"tablet-align-left","9":"mobile-align-left","10":"ast-product-gallery-layout-horizontal-slider","11":"ast-product-gallery-with-no-image","12":"ast-product-tabs-layout-horizontal","14":"first","15":"instock","16":"shipping-taxable","17":"purchasable","18":"product-type-simple"},"jetpack_sharing_enabled":true,"_links":{"self":[{"href":"https:\/\/tksg.pl\/index.php?rest_route=\/wp\/v2\/product\/746","targetHints":{"allow":["GET"]}}],"collection":[{"href":"https:\/\/tksg.pl\/index.php?rest_route=\/wp\/v2\/product"}],"about":[{"href":"https:\/\/tksg.pl\/index.php?rest_route=\/wp\/v2\/types\/product"}],"replies":[{"embeddable":true,"href":"https:\/\/tksg.pl\/index.php?rest_route=%2Fwp%2Fv2%2Fcomments&post=746"}],"wp:featuredmedia":[{"embeddable":true,"href":"https:\/\/tksg.pl\/index.php?rest_route=\/wp\/v2\/media\/747"}],"wp:attachment":[{"href":"https:\/\/tksg.pl\/index.php?rest_route=%2Fwp%2Fv2%2Fmedia&parent=746"}],"wp:term":[{"taxonomy":"product_brand","embeddable":true,"href":"https:\/\/tksg.pl\/index.php?rest_route=%2Fwp%2Fv2%2Fproduct_brand&post=746"},{"taxonomy":"product_cat","embeddable":true,"href":"https:\/\/tksg.pl\/index.php?rest_route=%2Fwp%2Fv2%2Fproduct_cat&post=746"},{"taxonomy":"product_tag","embeddable":true,"href":"https:\/\/tksg.pl\/index.php?rest_route=%2Fwp%2Fv2%2Fproduct_tag&post=746"}],"curies":[{"name":"wp","href":"https:\/\/api.w.org\/{rel}","templated":true}]}}